{"id":42,"date":"2020-12-17T10:39:21","date_gmt":"2020-12-17T10:39:21","guid":{"rendered":"https:\/\/celestina.web.uah.es\/wordpress\/?page_id=42"},"modified":"2021-04-22T14:19:03","modified_gmt":"2021-04-22T14:19:03","slug":"el-sol-y-sus-emisiones-de-radio","status":"publish","type":"page","link":"https:\/\/celestina.web.uah.es\/wordpress\/el-sol-y-sus-emisiones-de-radio\/","title":{"rendered":"El Sol y sus emisiones de radio"},"content":{"rendered":"\n<p><\/p>\n\n\n\n\t\t<div class=\"react-webcam\"\n\t\t\tdata-ajax-url=\"https:\/\/celestina.web.uah.es\/wordpress\/wp-admin\/admin-ajax.php\"\n\t\t\tdata-images-root-url=\"https:\/\/celestina.web.uah.es\/wordpress\/wp-content\/uploads\/webcam\/solar\/\"\n\t\t\tdata-subdir=\"solar\"\n\t\t\tdata-initial-image-filename=\"solar_0705_20260430.gif\"\n\t\t\tdata-refresh-interval=\"60\">\n\t\t\t<center><img decoding=\"async\" src=\"https:\/\/celestina.web.uah.es\/wordpress\/wp-content\/uploads\/webcam\/solar\/solar_0705_20260430.gif\" title=\"solar_0705_20260430.gif\"\/><\/center>\n\t\t\t<center>solar_0705_20260430.gif<\/center>\n\t\t<\/div>\n\n\n\n<p>Cuando se producen episodios eruptivos de actividad solar, como eyecciones de masa coronal (CMEs) o fulguraciones, \u00e9stas van acompa\u00f1adas de aumentos transitorios de la emisi\u00f3n en ondas de radio conocidas como radio-estallidos o radio-emisiones espor\u00e1dicas (REEs). El estudio de sus propiedades permite conocer mejor el funcionamiento de estos procesos en el Sol y sus consecuencias para las actividades humanas. Para ello, se mide la densidad de flujo de emisiones de radio. La medida normalizada se conoce como sfu (de <em>solar flux units)<\/em>, que equivale a 10<sup>-22<\/sup> W\/m<sup>2<\/sup>\/Hz.  El SFI de la figura superior es el flujo en sfu para una longitud de onda de 10,7 cm (o frecuencia de 2,8 GHz aproximadamente), ya que la emisi\u00f3n ultravioleta del Sol est\u00e1 muy relacionada con las emisiones de radio en esa longitud de onda. La radiaci\u00f3n ultravioleta es la responsable de la formaci\u00f3n de la ionosfera y depende a su vez del n\u00famero de manchas solares (SN &#8211; <em>Sun Spots<\/em>). A mayor n\u00famero de manchas, mayor es el SFI. El m\u00ednimo registrado es de 67 sfu cuando el Sol est\u00e1 en calma, pero puede llegar a valores de m\u00e1s de 400 sfu en momentos de m\u00e1xima actividad. Si quieres saber m\u00e1s sobre los par\u00e1metros solares y su relaci\u00f3n con la meteorolog\u00eda espacial, pulsa <a href=\"http:\/\/www.hamqsl.com\/solar2.html\" target=\"_blank\" rel=\"noreferrer noopener\">aqu\u00ed<\/a>.<\/p>\n\n\n\n<div class=\"wp-block-image\"><figure class=\"aligncenter size-large is-resized\"><img loading=\"lazy\" decoding=\"async\" src=\"https:\/\/celestina.web.uah.es\/wordpress\/wp-content\/uploads\/2021\/01\/304-171_Lighten_Blend_low-1024x1024.jpg\" alt=\"\" class=\"wp-image-150\" width=\"512\" height=\"512\" srcset=\"https:\/\/celestina.web.uah.es\/wordpress\/wp-content\/uploads\/2021\/01\/304-171_Lighten_Blend_low-1024x1024.jpg 1024w, https:\/\/celestina.web.uah.es\/wordpress\/wp-content\/uploads\/2021\/01\/304-171_Lighten_Blend_low-300x300.jpg 300w, https:\/\/celestina.web.uah.es\/wordpress\/wp-content\/uploads\/2021\/01\/304-171_Lighten_Blend_low-150x150.jpg 150w, https:\/\/celestina.web.uah.es\/wordpress\/wp-content\/uploads\/2021\/01\/304-171_Lighten_Blend_low-768x768.jpg 768w, https:\/\/celestina.web.uah.es\/wordpress\/wp-content\/uploads\/2021\/01\/304-171_Lighten_Blend_low-1536x1536.jpg 1536w, https:\/\/celestina.web.uah.es\/wordpress\/wp-content\/uploads\/2021\/01\/304-171_Lighten_Blend_low-1568x1568.jpg 1568w, https:\/\/celestina.web.uah.es\/wordpress\/wp-content\/uploads\/2021\/01\/304-171_Lighten_Blend_low.jpg 2000w\" sizes=\"auto, (max-width: 512px) 100vw, 512px\" \/><figcaption>Ejemplo de eyecci\u00f3n de masa coronal captada por Solar Dynamics Observatory el 31 de agosto de 2012 (cr\u00e9ditos: NASA)<\/figcaption><\/figure><\/div>\n\n\n\n<p><strong>e-CALLISTO<\/strong> (<em>International Network of Solar Radio Spectrometers, a Space Weather Instrument Array<\/em>) es una cadena de estaciones de observaci\u00f3n solar en ondas de radio para poder seguir el Sol 24 horas al d\u00eda, de bajo coste y repartidas por todo el mundo. Forma parte del programa de cooperaci\u00f3n internacional de la ONU <strong>ISWI (International Space Weather Initiative) <\/strong>cuyo objetivo es el desarrollo del conocimiento cient\u00edfico necesario para entender y predecir la meteorolog\u00eda espacial cercana al planeta Tierra. Este desarrollo incluye la instrumentaci\u00f3n, el an\u00e1lisis de datos, modelizaci\u00f3n, educaci\u00f3n, formaci\u00f3n de expertos y divulgaci\u00f3n. A pesar de su bajo coste, Callisto es especialmente \u00fatil para estudiar las grandes explosiones en la atm\u00f3sfera del Sol conocidas como erupciones solares. Las emisiones de radio de estos eventos son importantes para entender la din\u00e1mica de la corona solar. Las llamaradas solares son tambi\u00e9n a menudo asociadas a eyecciones de masa coronal, enormes flujos de part\u00edculas cargadas del Sol que son un peligro para los sat\u00e9lites en \u00f3rbita, las redes de distribuci\u00f3n el\u00e9ctrica y pueden interrumpir las se\u00f1ales de televisi\u00f3n o de los dispositivos m\u00f3viles. Como las se\u00f1ales de radio viajan m\u00e1s r\u00e1pido que las part\u00edculas, e-CALLISTO tambi\u00e9n funciona como un sistema de alerta temprana, avisando a los centros de control de misiones espaciales de las perturbaciones causadas por las pr\u00f3ximas eyecciones de masa coronal del sol.<\/p>\n\n\n\n<div class=\"wp-block-image\"><figure class=\"aligncenter size-large\"><img loading=\"lazy\" decoding=\"async\" width=\"640\" height=\"512\" src=\"https:\/\/celestina.web.uah.es\/wordpress\/wp-content\/uploads\/2021\/01\/MySpectrum.jpg\" alt=\"\" class=\"wp-image-147\" srcset=\"https:\/\/celestina.web.uah.es\/wordpress\/wp-content\/uploads\/2021\/01\/MySpectrum.jpg 640w, https:\/\/celestina.web.uah.es\/wordpress\/wp-content\/uploads\/2021\/01\/MySpectrum-300x240.jpg 300w\" sizes=\"auto, (max-width: 640px) 100vw, 640px\" \/><figcaption>Ejemplo de radioemisi\u00f3n solar tipo II registrada por e-Callisto<\/figcaption><\/figure><\/div>\n\n\n\n<p>Esta filosof\u00eda de ciencia inclusiva tuvo \u00e9xito inmediato tras su presentaci\u00f3n en el A\u00f1o Heliof\u00edsico Internacional 2007, y a d\u00eda de hoy la red cuenta con m\u00e1s de 150 detectores en m\u00e1s de 90 localizaciones en los cinco continentes. Este despliegue forma parte del <em>Instrument Deployment Program<\/em> de las iniciativas UNBSSI (<em>United Nations Basic Space Science Initiative<\/em>) e ISWI (<em>International Space Weather Initiative<\/em>). La red est\u00e1 \u00edntimamente relacionada con las diferentes organizaciones nacionales y continentales de radioastronom\u00eda, como CESRA (<strong>C<\/strong>ommunity of <strong>E<\/strong>uropean <strong>S<\/strong>olar <strong>R<\/strong>adio <strong>A<\/strong>stronomer), que es una organizaci\u00f3n de cient\u00edficos europeos para estimular la investigaci\u00f3n en la atm\u00f3sfera solar exterior por medio de ondas de radio.<\/p>\n\n\n\n<p><\/p>\n","protected":false},"excerpt":{"rendered":"<p>Cuando se producen episodios eruptivos de actividad solar, como eyecciones de masa coronal (CMEs) o fulguraciones, \u00e9stas van acompa\u00f1adas de aumentos transitorios de la emisi\u00f3n en ondas de radio conocidas como radio-estallidos o radio-emisiones espor\u00e1dicas (REEs). El estudio de sus propiedades permite conocer mejor el funcionamiento de estos procesos en el Sol y sus consecuencias [&hellip;]<\/p>\n","protected":false},"author":1,"featured_media":0,"parent":0,"menu_order":0,"comment_status":"closed","ping_status":"closed","template":"","meta":{"footnotes":""},"class_list":["post-42","page","type-page","status-publish","hentry"],"_links":{"self":[{"href":"https:\/\/celestina.web.uah.es\/wordpress\/wp-json\/wp\/v2\/pages\/42","targetHints":{"allow":["GET"]}}],"collection":[{"href":"https:\/\/celestina.web.uah.es\/wordpress\/wp-json\/wp\/v2\/pages"}],"about":[{"href":"https:\/\/celestina.web.uah.es\/wordpress\/wp-json\/wp\/v2\/types\/page"}],"author":[{"embeddable":true,"href":"https:\/\/celestina.web.uah.es\/wordpress\/wp-json\/wp\/v2\/users\/1"}],"replies":[{"embeddable":true,"href":"https:\/\/celestina.web.uah.es\/wordpress\/wp-json\/wp\/v2\/comments?post=42"}],"version-history":[{"count":22,"href":"https:\/\/celestina.web.uah.es\/wordpress\/wp-json\/wp\/v2\/pages\/42\/revisions"}],"predecessor-version":[{"id":432,"href":"https:\/\/celestina.web.uah.es\/wordpress\/wp-json\/wp\/v2\/pages\/42\/revisions\/432"}],"wp:attachment":[{"href":"https:\/\/celestina.web.uah.es\/wordpress\/wp-json\/wp\/v2\/media?parent=42"}],"curies":[{"name":"wp","href":"https:\/\/api.w.org\/{rel}","templated":true}]}}

<p></p>



		<div class="react-webcam"
			data-ajax-url="https://celestina.web.uah.es/wordpress/wp-admin/admin-ajax.php"
			data-images-root-url="https://celestina.web.uah.es/wordpress/wp-content/uploads/webcam/solar/"
			data-subdir="solar"
			data-initial-image-filename="solar_0705_20260430.gif"
			data-refresh-interval="60">
			<center><img decoding="async" src="https://celestina.web.uah.es/wordpress/wp-content/uploads/webcam/solar/solar_0705_20260430.gif" title="solar_0705_20260430.gif"/></center>
			<center>solar_0705_20260430.gif</center>
		</div>



<p>Cuando se producen episodios eruptivos de actividad solar, como eyecciones de masa coronal (CMEs) o fulguraciones, éstas van acompañadas de aumentos transitorios de la emisión en ondas de radio conocidas como radio-estallidos o radio-emisiones esporádicas (REEs). El estudio de sus propiedades permite conocer mejor el funcionamiento de estos procesos en el Sol y sus consecuencias para las actividades humanas. Para ello, se mide la densidad de flujo de emisiones de radio. La medida normalizada se conoce como sfu (de <em>solar flux units)</em>, que equivale a 10<sup>-22</sup> W/m<sup>2</sup>/Hz.  El SFI de la figura superior es el flujo en sfu para una longitud de onda de 10,7 cm (o frecuencia de 2,8 GHz aproximadamente), ya que la emisión ultravioleta del Sol está muy relacionada con las emisiones de radio en esa longitud de onda. La radiación ultravioleta es la responsable de la formación de la ionosfera y depende a su vez del número de manchas solares (SN &#8211; <em>Sun Spots</em>). A mayor número de manchas, mayor es el SFI. El mínimo registrado es de 67 sfu cuando el Sol está en calma, pero puede llegar a valores de más de 400 sfu en momentos de máxima actividad. Si quieres saber más sobre los parámetros solares y su relación con la meteorología espacial, pulsa <a href="http://www.hamqsl.com/solar2.html" target="_blank" rel="noreferrer noopener">aquí</a>.</p>



<div class="wp-block-image"><figure class="aligncenter size-large is-resized"><img loading="lazy" decoding="async" src="https://celestina.web.uah.es/wordpress/wp-content/uploads/2021/01/304-171_Lighten_Blend_low-1024x1024.jpg" alt="" class="wp-image-150" width="512" height="512" srcset="https://celestina.web.uah.es/wordpress/wp-content/uploads/2021/01/304-171_Lighten_Blend_low-1024x1024.jpg 1024w, https://celestina.web.uah.es/wordpress/wp-content/uploads/2021/01/304-171_Lighten_Blend_low-300x300.jpg 300w, https://celestina.web.uah.es/wordpress/wp-content/uploads/2021/01/304-171_Lighten_Blend_low-150x150.jpg 150w, https://celestina.web.uah.es/wordpress/wp-content/uploads/2021/01/304-171_Lighten_Blend_low-768x768.jpg 768w, https://celestina.web.uah.es/wordpress/wp-content/uploads/2021/01/304-171_Lighten_Blend_low-1536x1536.jpg 1536w, https://celestina.web.uah.es/wordpress/wp-content/uploads/2021/01/304-171_Lighten_Blend_low-1568x1568.jpg 1568w, https://celestina.web.uah.es/wordpress/wp-content/uploads/2021/01/304-171_Lighten_Blend_low.jpg 2000w" sizes="auto, (max-width: 512px) 100vw, 512px" /><figcaption>Ejemplo de eyección de masa coronal captada por Solar Dynamics Observatory el 31 de agosto de 2012 (créditos: NASA)</figcaption></figure></div>



<p><strong>e-CALLISTO</strong> (<em>International Network of Solar Radio Spectrometers, a Space Weather Instrument Array</em>) es una cadena de estaciones de observación solar en ondas de radio para poder seguir el Sol 24 horas al día, de bajo coste y repartidas por todo el mundo. Forma parte del programa de cooperación internacional de la ONU <strong>ISWI (International Space Weather Initiative) </strong>cuyo objetivo es el desarrollo del conocimiento científico necesario para entender y predecir la meteorología espacial cercana al planeta Tierra. Este desarrollo incluye la instrumentación, el análisis de datos, modelización, educación, formación de expertos y divulgación. A pesar de su bajo coste, Callisto es especialmente útil para estudiar las grandes explosiones en la atmósfera del Sol conocidas como erupciones solares. Las emisiones de radio de estos eventos son importantes para entender la dinámica de la corona solar. Las llamaradas solares son también a menudo asociadas a eyecciones de masa coronal, enormes flujos de partículas cargadas del Sol que son un peligro para los satélites en órbita, las redes de distribución eléctrica y pueden interrumpir las señales de televisión o de los dispositivos móviles. Como las señales de radio viajan más rápido que las partículas, e-CALLISTO también funciona como un sistema de alerta temprana, avisando a los centros de control de misiones espaciales de las perturbaciones causadas por las próximas eyecciones de masa coronal del sol.</p>



<div class="wp-block-image"><figure class="aligncenter size-large"><img loading="lazy" decoding="async" width="640" height="512" src="https://celestina.web.uah.es/wordpress/wp-content/uploads/2021/01/MySpectrum.jpg" alt="" class="wp-image-147" srcset="https://celestina.web.uah.es/wordpress/wp-content/uploads/2021/01/MySpectrum.jpg 640w, https://celestina.web.uah.es/wordpress/wp-content/uploads/2021/01/MySpectrum-300x240.jpg 300w" sizes="auto, (max-width: 640px) 100vw, 640px" /><figcaption>Ejemplo de radioemisión solar tipo II registrada por e-Callisto</figcaption></figure></div>



<p>Esta filosofía de ciencia inclusiva tuvo éxito inmediato tras su presentación en el Año Heliofísico Internacional 2007, y a día de hoy la red cuenta con más de 150 detectores en más de 90 localizaciones en los cinco continentes. Este despliegue forma parte del <em>Instrument Deployment Program</em> de las iniciativas UNBSSI (<em>United Nations Basic Space Science Initiative</em>) e ISWI (<em>International Space Weather Initiative</em>). La red está íntimamente relacionada con las diferentes organizaciones nacionales y continentales de radioastronomía, como CESRA (<strong>C</strong>ommunity of <strong>E</strong>uropean <strong>S</strong>olar <strong>R</strong>adio <strong>A</strong>stronomer), que es una organización de científicos europeos para estimular la investigación en la atmósfera solar exterior por medio de ondas de radio.</p>



<p></p>

<p>Cuando se producen episodios eruptivos de actividad solar, como eyecciones de masa coronal (CMEs) o fulguraciones, éstas van acompañadas de aumentos transitorios de la emisión en ondas de radio conocidas como radio-estallidos o radio-emisiones esporádicas (REEs). El estudio de sus propiedades permite conocer mejor el funcionamiento de estos procesos en el Sol y sus consecuencias [&hellip;]</p>
